))?
5
Suppose 0 = 5*b - 9 - 11. Let o be (-2)/b*(-30 + 2). Let w = 22 - o. What is the units digit of w?
8
Suppose l = f + 6, 3 = 4*l - 5*f - 16. What is the tens digit of (-10 + l)/(2/28)?
1
Let d(f) = 2*f**2 + 2*f + 163. What is the units digit of d(0)?
3
Let q(o) = o**3 - 15*o**2 + 10*o - 8. What is the units digit of q(15)?
2
Let f = -2 + 5. What is the units digit of f?
3
Let h = -8 + 21. Suppose q - h = 5*f, -3*q - 2*f - f + 3 = 0. What is the units digit of q?
3
Let c(q) = q**2 - 6. What is the tens digit of c(-5)?
1
Let i = 3 - 8. Let g be i*3 + (-2 - -4). Let j = g - -22. What is the units digit of j?
9
Let y(o) = o**2 + 4*o. What is the units digit of y(-7)?
1
Let r be 1*4*(-4)/(-8). Suppose r*u - 34 = 16. What is the units digit of u?
5
Suppose 0 = 3*t + t + 72. What is the units digit of (-192)/36*t/4?
4
Let g(k) = 5*k**2 + 1. Let a be g(1). Suppose -30 = -a*b + b. Suppose 2*c - 18 = b. What is the units digit of c?
2
Let i = -3 + 33. Let x = -63 + i. Let m = -22 - x. What is the tens digit of m?
1
Suppose -2*o + 22 = 5*v, 5*o - 3*v = 1 - 8. What is the units digit of o?
1
Let h be (-8)/6 - (-8)/(-12). Let s be (2 + h)*(-2)/4. Suppose s*u = -3*u + 57. What is the units digit of u?
9
Let z be 12/(((-2)/2)/(-1)). Suppose 2*w = -8 - z. What is the units digit of 2/w - 76/(-5)?
5
Suppose -4*l + 176 = -0*l. What is the units digit of l?
4
Let k = 4 - 5. Let t = k + 5. Suppose c = -c + 4, -t*a + 64 = 2*c. What is the tens digit of a?
1
Suppose -6*n + n = -50. Let t(k) = k**2 - 10*k + 3. What is the units digit of t(n)?
3
Let i(w) = w - 5. Let u be i(4). What is the units digit of (39/(-6))/u*2?
3
Let f = 3 + 0. What is the units digit of f?
3
Suppose -2*i + 3*g + 81 = -2, 3*i - 4*g = 122. Suppose 2*w = 3*o + 27, 4*o + 11 = 3*w - 30. Let v = i - w. What is the units digit of v?
9
Suppose -7*w + 3920 - 756 = 0. What is the units digit of 2/(-3) - w/(-12)?
7
What is the units digit of (2/4)/((-2)/(-156)) + -1?
8
Let a(z) = 4*z + 2. Let x be a(-2). Let w be 2/((-16)/x)*132. Suppose -4*s - 31 + w = 0. What is the units digit of s?
7
What is the tens digit of 82/(3 - (-10)/(-6))*2?
2
Let b be 0*(0 + (-1)/(-3)). Suppose -3*x + 6*x - 75 = b. What is the tens digit of x?
2
Let p = -2 - 1. Let b be 3/((27/12)/3). What is the units digit of 4 - b/(p - -1)?
6
Let b(p) = -p**2 + 3*p + 5. Let l be b(5). Let x(h) = -h**2 - 6*h. Let n be x(l). What is the units digit of (-12)/45*-6*n?
8
Let g(c) be the third derivative of c**6/360 - c**5/30 - c**4/3 + c**3/3 - 2*c**2. Let j(m) be the first derivative of g(m). What is the units digit of j(6)?
4
Suppose 9*o = 6*o - 63. What is the tens digit of -6*2/(-4) - o?
2
Let h = 209 + -124. What is the tens digit of h?
8
Let a(p) = p**2 + 2*p - 30. What is the units digit of a(-13)?
3
Let f(s) = -3*s - 1. Suppose 8*x + 35 = 3*x. Let t be f(x). Suppose 0 = -5*r + 130 - t. What is the units digit of r?
2
Suppose -2*l = -6*l - w + 6, 10 = -5*w. Suppose -l*f - 3*f + 115 = 0. What is the units digit of f?
3
What is the units digit of (-95)/1*(0 - (2 - 1))?
5
Let d be 21/9 - (-6)/9. Suppose -d*l = l - 60. What is the tens digit of l?
1
What is the tens digit of 632/10 - 4/20?
6
Let c = -1 - -4. Suppose 13 + c = 2*n. Suppose 3*x - 11 = -k, 3 = k + 5*x - n. What is the tens digit of k?
1
Let t(o) = 30*o**2 - o - 1. What is the tens digit of t(-1)?
3
Let o(f) = -2*f**3 - f**2 - 2*f - 1. What is the units digit of o(-1)?
2
Let v(b) = b**3 - 4*b**2 - 2*b + 4. Let m be v(4). Let p = -2 - m. Suppose -3*y + 5*g = 2 + 17, p*y + g = 9. What is the units digit of y?
2
Suppose 0 = 8*i - 11*i + 303. What is the units digit of i?
1
What is the units digit of (4/6)/(3/9)?
2
Let b(d) = -9*d. What is the tens digit of b(-6)?
5
Let z be 0/7 - 5*-1. Suppose -4*p - w + 112 = 0, 2*p + w - 56 = z*w. What is the units digit of p?
8
Suppose -w + 15 = 5*c, -2*c + 6*c - 1 = -3*w. Suppose 2*x + 5*v + 4 = 0, 0 = 4*x - x - c*v - 40. Suppose -2*a + 2 = -x. What is the units digit of a?
5
Let q be (-3)/5 + 52/(-5). Let s(d) = d**2 + 12*d + 13. Let n be s(q). What is the units digit of (1 + -3)/(n/(-5))?
5
Let v(l) be the third derivative of -l**4/8 + l**3/3 - 3*l**2. What is the tens digit of v(-7)?
2
Let j(r) = -92*r - 22. What is the tens digit of j(-2)?
6
Suppose 10 = -0*k + 2*k - 2*g, 4*k - 3*g = 17. Suppose 0 = k*i, -4*u + 0*u - 3*i = 8. What is the units digit of ((-1)/2)/(u/24)?
6
Let b be (-2)/(-3) + (-60)/(-18). Suppose -8 - b = -3*u. Suppose 2*o - 20 = -3*o, -o + 24 = u*k. What is the units digit of k?
5
Let f(l) be the first derivative of l**3/3 - 2*l**2 + 1. Let c be f(4). What is the units digit of (-13)/(c - -1 - 2)?
3
Let u(m) = 4*m - 20. What is the tens digit of u(9)?
1
Let i(a) = -a**2 - 4*a - 2. Let y be i(-2). Suppose 5*n - 51 = y*n. What is the units digit of n?
7
Suppose -4*o - 2 + 22 = 2*g, 0 = 3*g + 5*o - 27. Suppose p = g - 2. Suppose 14 + 0 = p*r + 2*c, 4*c = 4. What is the units digit of r?
6
Let r(o) = -o + 28. Let b be r(0). Suppose t = 4 - 0, -b = -d - 2*t. What is the units digit of d?
0
Let k = -28 - -42. What is the units digit of k?
4
Suppose 18 = -4*z - 66. Let b = -4 - z. What is the tens digit of b?
1
Suppose 2*q + 352 = 2*r, -q + 0 = 4. What is the units digit of r?
2
Let o(s) = 3*s**2 - 2*s**2 + 0*s**2 - 2 + 3*s. Let t be o(-3). What is the units digit of t + (-4)/(-2) - -1?
1
Let f be ((-24)/30)/(1/(-15)). Suppose f - 4 = 4*z. What is the units digit of z?
2
Suppose -105 = -3*s + 18. Suppose -s = -3*z - 14. What is the units digit of z?
9
Let w = 24 - 12. Suppose 0 = -3*u + w + 42. What is the units digit of u?
8
Let j(l) = -4*l - 8. Let i be j(-6). Let o be 150/4*i/24. Suppose -3*w + 5*a + 70 = 0, -5 = -4*a - o. What is the units digit of w?
5
Let d = 6 + -2. Suppose -3*r + 4*r = -5*x + 34, -5*x + d*r + 14 = 0. What is the units digit of x?
6
Let o(f) be the third derivative of 2/3*f**3 - 3*f**2 + 0 + 1/24*f**4 + 0*f. What is the units digit of o(0)?
4
Suppose 5*j - j = 4. What is the tens digit of (j - 0) + (43 - 9)?
3
Let l = 3 + 0. What is the tens digit of -2 - (-16 + (1 - l))?
1
Let k = -13 - -23. Let g = 24 - k. Suppose -g = -v - 0*v. What is the tens digit of v?
1
Let y(x) be the third derivative of -x**6/120 + x**4/24 + x**2. Let r be y(1). Suppose -5*v = -15, -5*u + 3*v + v + 8 = r. What is the units digit of u?
4
What is the units digit of 3/(-4) - ((-3465)/28 - 0)?
3
What is the units digit of (0 + (-2)/(-2))*41?
1
Let h be (1 - -2) + -5 + 5. Let m be 4 - -1 - 6/3. Suppose q + 1 = 0, 1 - 31 = -m*r + h*q. What is the units digit of r?
9
Suppose -2*i = -19 + 59. What is the units digit of 1/((-2)/1)*i?
0
Suppose 7*g - 300 = 2*g. What is the tens digit of g?
6
Suppose 0 = -2*o + 2 - 6. Let p = o - -8. Suppose -2*s + 5*f + p = 0, 3*s - 5*f = 15 - 1. What is the units digit of s?
8
Suppose -5*a + 0*a - 70 = 5*d, -3*a = -5*d - 78. Let w = 27 + d. What is the units digit of w?
2
Let l(r) = -7*r**3 - 3*r**2 - 3*r + 1. What is the hundreds digit of l(-3)?
1
Suppose -4*n = -3*u + 2*u - 5, -3*u + 3*n = -3. Let z = 6 - u. Suppose 3*i + z - 18 = 0. What is the units digit of i?
5
Suppose -4 = o, 0*v + 5*o + 418 = v. What is the units digit of v?
8
Let g be ((-1)/1 + 2)*5. Suppose -g*c + 218 = 68. What is the units digit of c?
0
What is the units digit of 2/5*(-1340)/(-8)?
7
Suppose 3*m = 2*m + 8. What is the units digit of ((-28)/m)/(-7)*14?
7
Let g(i) = -3*i + i**2 - 1 + i - 20*i**3 + 2*i. What is the tens digit of g(-1)?
2
Suppose -4*s - 133 = -2*n - 51, n - 4*s - 41 = 0. Let k = n + -27. What is the tens digit of k?
1
Suppose 0 = 3*a - 0*a + 12. Let l = 4 - a. What is the units digit of l?
8
Let w be 2/(-5) - (-24)/10. Suppose 2*d - d + 3 = 0, -2*b + 14 = -w*d. Suppose a + 5*m - 28 = 0, -m = b*m - 25. What is the units digit of a?
3
Suppose -45 + 10 = 7*r. What is the tens digit of 4/r*525/(-30)?
1
Let p(f) be the first derivative of f**3/3 + 3*f**2/2 + 3*f + 1. Suppose 5*z = 4*z - 3. What is the units digit of p(z)?
3
Let l be -1 + 7 + 1 + -2. Suppose 51 = h + 2*h + i, -l*h = i - 83. What is the units digit of h?
6
Suppose -g + 13 = -37. Let m = g + -21. Let d = m - 20. What is the units digit of d?
9
Let z = -8 + 61. What is the units digit of z?
3
Let c(p) = -p**3 + p**2 + 2*p - 17. Let k(l) = 2*l**3 -